13
Let u(v) = 8*v. List the prime factors of u(5).
2, 5
Suppose -2*q + 1 + 1 = 0. Suppose -h - q = -4. What are the prime factors of (-52)/(-3) - (-2)/h?
2, 3
Let c(x) = x**3 + 4*x**2 - x - 3. Let q be c(-4). Suppose 5 = -2*m - q. List the prime factors of 4 + m + (-2 - -7).
2, 3
Let z(r) = r**3 - 7*r**2 + 5*r + 5. Let i be z(6). What are the prime factors of i - ((1 - 3) + -6)?
7
Suppose -5*o - 2*x = -20, -2*o + 22 = -x - x. List the prime factors of o.
2, 3
Suppose 25 = -4*i - 63. Let v = 54 + i. List the prime factors of v.
2
Let h be (2/(-6))/(3/(-27)). Let g be (1/3)/(1/18). Suppose -3*m + g = -h. What are the prime factors of m?
3
Let u(m) = m - 12. Let i be u(5). Let h = 9 - i. What are the prime factors of h?
2
Let x = -2 - -12. What are the prime factors of x?
2, 5
Let z(h) = 4*h**2 + 4*h + 1. Let t be z(-5). Suppose -3*k + 4*x = -104, -t = -2*k - 4*x - 5. List the prime factors of k.
2, 3
Let r(q) = -q**2 + 5*q - 2. Let y be r(4). Let k = 3 - 10. Let g = y - k. What are the prime factors of g?
3
Let p(q) = 4*q. Let j = 8 + -3. Let o be p(j). What are the prime factors of ((-24)/o)/((-1)/5)?
2, 3
Let m(q) = -q - 19. Let p be m(0). Let x = -11 - p. What are the prime factors of x?
2
Suppose 0*l = 3*l - p - 58, 4*l - 84 = 3*p. Suppose -4*v + l = 2. Let x(u) = u**3 - 4*u**2 + u. List the prime factors of x(v).
2
Suppose -2*d = -6*d + 20. Suppose 25 = -5*o, s + d*o - 11 = -2*s. List the prime factors of s.
2, 3
Suppose -5*m + 33 = -27. Let k be (-4)/(-6) - 8/m. Suppose 2*t + 5*b - 38 = 0, 3*t + 3*b + 10 - 49 = k. What are the prime factors of t?
3
Suppose -u + 36 = 2*u. What are the prime factors of u?
2, 3
Let n(t) = t**2 + 44. Let l be n(0). Let b = -4 + 7. Suppose 0 = 5*k + 5*d - 40, -3*d + d - l = -b*k. List the prime factors of k.
2, 3
Let g be 51 + -3*(-4)/(-6). Let z = -26 + g. What are the prime factors of z?
23
Suppose -10 = -q + 3*y, 4*y - 29 = -2*q + 11. Let v be 4/q - 1/4. List the prime factors of v + 8 + (1 - 2).
7
Let f(w) = -w**3 + 12*w**2 - 5*w - 38. List the prime factors of f(11).
2, 7
Let s = 11 - 8. Suppose s*p - p = 34. What are the prime factors of p?
17
Let o(j) = -13*j**2 + 3*j + 3. Let w be o(-2). List the prime factors of (w/(-15))/((-1)/(-3)).
11
Suppose 4 = d + 1. Suppose -d*x = -7*x + 20. What are the prime factors of x?
5
Let c(j) be the second derivative of -1/2*j**2 + 0*j**3 + 0 + 4*j - 11/20*j**5 + 0*j**4. List the prime factors of c(-1).
2, 5
Suppose -b = 3, 75 = -5*u + 3*b + 274. List the prime factors of u.
2, 19
Let t(z) = z. Let l be t(4). Let m be 0/(2*(-2)/l). Suppose -5*o + 55 = -m*o. What are the prime factors of o?
11
Suppose -v = -5*v. Let z = v + -1. Let r = 4 + z. List the prime factors of r.
3
Suppose -3*m - 5*h = -m - 140, 0 = 3*m + 5*h - 205. What are the prime factors of m?
5, 13
Let g = -248 + 462. What are the prime factors of g?
2, 107
Suppose 3*x - h - 371 = -5*h, 2*x - 249 = -3*h. List the prime factors of x.
3, 13
Let s = -4 + 15. Let z(f) = -3. Let q(a) = a + 16. Let d(j) = s*z(j) + 2*q(j). What are the prime factors of d(5)?
3
Suppose 2*t - z - 1 = 0, -t - 1 = t + z. Suppose -4*i = -3*a - 13 - 69, t = i + 5*a - 32. What are the prime factors of i?
2, 11
Suppose -3 = -m + 49. What are the prime factors of m?
2, 13
Let u(n) = -n**3 + 7*n**2 + 8*n + 5. Let l be u(8). Suppose 76 = 4*o + l*b, o - 38 = -o + 3*b. What are the prime factors of o?
19
Let h(t) = -t**3 - 7*t**2 + t + 8. Let y be h(-7). List the prime factors of y/((3/(-3))/(-13)).
13
Let f(t) = -2*t + 4. Let x = 6 + -11. What are the prime factors of f(x)?
2, 7
Let j(d) = -d**3 - 8*d**2 + 9*d - 23. What are the prime factors of j(-10)?
3, 29
Suppose 4*n + 48 = n. Let z = n + 36. What are the prime factors of z?
2, 5
Let m = 592 - 346. What are the prime factors of m?
2, 3, 41
Let b(v) = 25*v - 19. List the prime factors of b(5).
2, 53
Let t = -6 + 9. Suppose 2*b = -m + 43, -m - 60 = -t*b + 2*m. List the prime factors of b.
3, 7
Let x(b) = -3*b + 5. Let l = -5 + 9. Suppose l = -2*o - 4. List the prime factors of x(o).
17
Let f(x) = x**2 - 3*x + 5. Let j be f(-4). Let q = 58 - j. List the prime factors of q.
5
Suppose 1325 = 2*w + 3*w. List the prime factors of w.
5, 53
Let g(v) = -v - 1. Let h be g(-6). Suppose 99 = 3*m + k + 3*k, -h*m = 2*k - 151. Suppose -m = -z - 4*t, 6 = z - 2*t + 1. What are the prime factors of z?
13
List the prime factors of 475/10 - (-6)/(-4).
2, 23
Let w(d) = d**3 - 7*d**2 - 8*d + 3. Let q be w(8). Let l be (-10)/15 - 14/(-3). Suppose -l*s - 4*t = t - 37, q*s + 4*t = 28. List the prime factors of s.
2
Suppose -2*d - 4*v = -6*d - 100, -3*v = -d - 27. Let y = d - -48. What are the prime factors of y?
2, 3
Suppose 5*l - 75 - 2 = -3*k, -k + 25 = l. What are the prime factors of (17/3)/(8/k)?
17
Let q be (-2)/(-7) + (-440)/(-28). What are the prime factors of q/((-3*2)/(-3))?
2
Suppose 3*s + 73 = 13. Let v = 15 - s. List the prime factors of v.
5, 7
Let x = 3 + -2. Suppose -2*s + x = -s. What are the prime factors of 2/((-1)/(s - 2))?
2
Let u(k) = k**2 + 8*k + 9. Suppose 14 = -0*j - 2*j. Let y be u(j). List the prime factors of (9/6 + 1)*y.
5
Let w(d) be the third derivative of d**5/60 - d**4/24 + 7*d**3/6 + 4*d**2. What are the prime factors of w(5)?
3
Suppose -5*i + 27 = 4*q, -6*i + 3 = -2*i - 3*q. Suppose -4*d - i = -27. List the prime factors of d.
2, 3
Suppose 4*w - 18 = w. Suppose 3*o - v = 30, 0 = -5*o - w*v + v + 30. List the prime factors of o.
3
Let k(h) = -h - 3. Let c be k(-7). Suppose 3*x - u - 2 = 0, -u = 3*x + c*u + 10. Suppose 12 = 2*t - x*t. What are the prime factors of t?
2, 3
Let y(t) = -2*t**3 - 5*t**2 - 4*t. What are the prime factors of y(-3)?
3, 7
Let a = 4 + -9. Let l = a - -2. List the prime factors of 1/(l/(-27)) - -1.
2, 5
Let u(z) = 4*z + 8. List the prime factors of u(8).
2, 5
List the prime factors of (-1)/(-4) - (-5194)/56.
3, 31
Let h = -1 - -11. Suppose 3*j + 4 - h = 0. List the prime factors of (1 + 0)*j + 13.
3, 5
Suppose -4*z = -z + 3. What are the prime factors of (8*2 - z)*1?
17
Let k(r) = -5*r**2 - 3*r - 17 + r**3 + 12*r**2 + 6*r**2. What are the prime factors of k(-13)?
2, 11
Suppose m + 4 = -m + 2*w, -w + 8 = 2*m. Suppose 3*l - 4*k = 11, -3*k + m*k = -4. Suppose g = -2*g + l. What are the prime factors of g?
3
Suppose -3*g = -33 - 15. Let q = 10 + g. What are the prime factors of q?
2, 13
Let x(q) = 22*q**2 + 5*q + 3. Let t be x(-2). Suppose 4*c - t = c. What are the prime factors of c?
3
Suppose 2*d - 108 = 5*f, 2*d - 4*f = -2*f + 120. What are the prime factors of d?
2
Let b = -176 - -114. Let z = -32 - b. Let k = -18 + z. List the prime factors of k.
2, 3
Let v(q) = -6*q + 32. Let r(x) = 42*x - 225. Let i(f) = -2*r(f) - 15*v(f). List the prime factors of i(14).
2, 3
Suppose -5*h + 3*m = -81, 2*h - m + 0*m - 33 = 0. Suppose 6*p + h = 7*p. List the prime factors of p.
2, 3
Let a = -27 + 425. List the prime factors of a.
2, 199
Let g(d) = d**3 - 7*d + 3*d**2 + d + 0*d**2 - 5. Let t(j) = -j - 4. Let n be t(0). List the prime factors of g(n).
3
Suppose -3*l - 4 = -94. List the prime factors of l.
2, 3, 5
Let a be (-6)/(-4)*4/2. Let n be (a/(-2) + 1)*0. Let r = 7 - n. List the prime factors of r.
7
Suppose 0 = 4*p + 2*w + 32, 10 - 40 = 4*p + w. Let g = 12 + p. List the prime factors of g.
5
Let z(k) = -2*k**3 - 10*k**2 - 10*k - 16. What are the prime factors of z(-6)?
2, 29
Let w(m) = m**2 + 3*m - 6. Let s be w(-7). Let y be 4/s + (-6)/33. Suppose -5*g + x = -59, 2*x + y + 19 = g. List the prime factors of g.
11
Let r(j) = -j**3 + j**2 + 4*j + 1. Let l = 0 + -3. List the prime factors of r(l).
5
Let s be (-4)/(-1) + -2 - 20. Suppose 2*z = -2*z - 48. Let a = z - s. List the prime factors of a.
2, 3
Let n be 5/(-7) - (-4)/(-14). Let t be (-3 - n - -20)/2. Let v = 2 + t. What are the prime factors of v?
11
Suppose -103 = -5*b + 27. List the prime factors of b.
2, 13
Let w = 0 - 0. Let n(d) = -d**2 - d - 5. Let z be n(w). List the prime factors of z/((-4)/2 + 1).
5
Let r = -26 - -35. What are the prime factors of r?
3
Let i = 0 - -4. Suppose -k - i*k = -10. What are the prime factors of -13*(1 - 4/k)?
13
Let r = 16 + 107. List the prime factors of r.
3, 41
Suppose 2*y = 4*r + 448, -2*y + 232 = 4*r - 248. What are the prime factors of y?
2, 29
Let a(w) = w**3 - 5*w**